o base 16.
7d1b1
Convert -103824 (base 9) to base 15.
-13521
What is -57c58 (base 13) in base 12?
-78911
What is 20443033 (base 5) in base 13?
60184
Convert 27a4949 (base 12) to base 16.
78fe49
-372b270 (base 12) to base 8
-51030664
-168547 (base 10) to base 2
-101001001001100011
What is 4a70a (base 11) in base 4?
101300123
-11865 (base 9) to base 14
-2cb3
-b989 (base 12) to base 7
-113334
Convert 22516750 (base 8) to base 12.
1779ab4
What is 1666424 (base 7) in base 6?
5012425
Convert -10000010110110101000 (base 2) to base 5.
-114122401
What is -1a531 (base 11) in base 13?
-10023
What is -10332113322 (base 4) in base 13?
-368742
Convert 5544344 (base 6) to base 13.
99901
What is -8810234 (base 9) in base 12?
-17017aa
What is 99198 (base 12) in base 14?
53aba
Convert -411558 (base 9) to base 6.
-5121212
-29bdb (base 16) to base 13
-5ca88
What is -30246 (base 7) in base 8?
-16247
What is -1d465b (base 15) in base 13?
-3b1cc5
74753 (base 11) to base 5
11434331
Convert -49c5a3 (base 15) to base 4.
-31133000313
-31424110 (base 5) to base 9
-442464
What is 88a42 (base 15) in base 11?
27733a
Convert 220201010011212 (base 3) to base 9.
26633155
Convert -3505104 (base 6) to base 3.
-100010212111
Convert -24c6a (base 13) to base 6.
-1242534
-953076 (base 10) to base 3
-1210102101010
-100011121001001 (base 3) to base 5
-2221422033
Convert -10bc06 (base 13) to base 5.
-100204434
What is 771150 (base 8) in base 5?
31234124
-3816666 (base 10) to base 2
-1110100011110011011010
-15e89 (base 16) to base 15
-1b8c7
Convert 411322002 (base 5) to base 7.
20112300
-15a01 (base 16) to base 10
-88577
What is 47012 (base 16) in base 10?
290834
-1275d (base 16) to base 2
-10010011101011101
120210102210 (base 3) to base 16
4be58
-453301 (base 8) to base 2
-100101011011000001
What is -36d746 (base 16) in base 10?
-3594054
What is -b720 (base 14) in base 5?
-2002314
-5809b (base 12) to base 14
-30c19
Convert 10560556 (base 7) to base 3.
1201212010011
What is -2221120210011 (base 3) in base 7?
-16212643
What is -32345 (base 16) in base 8?
-621505
Convert 24003420 (base 5) to base 11.
13a795
What is -60c4a (base 13) in base 2?
-101010010110010000
-4004061 (base 11) to base 16
-6c35b3
14a2b (base 12) to base 5
1412443
Convert -a6d13 (base 14) to base 2.
-1100010011011110101
4b434 (base 12) to base 13
378bb
4839518 (base 10) to base 6
251421102
464553 (base 9) to base 3
112011121210
Convert 37b00 (base 13) to base 10.
102921
What is 1000010010110001101 (base 2) in base 4?
1002112031
Convert -115843 (base 10) to base 3.
-12212220111
Convert 122174 (base 9) to base 6.
1325321
What is 12112112042 (base 5) in base 7?
231331101
1121289 (base 12) to base 14
614a81
1202102121102 (base 3) to base 8
3437273
Convert -1287624 (base 9) to base 4.
-2230300312
Convert 28156a7 (base 12) to base 16.
79f69f
Convert -20949 (base 14) to base 7.
-445222
-14269685 (base 10) to base 6
-1225503205
Convert -203421 (base 8) to base 5.
-4123340
What is -100001110110 (base 3) in base 8?
-534044
Convert -2f6f9 (base 16) to base 8.
-573371
71a00 (base 12) to base 8
441540
Convert 1126867 (base 9) to base 16.
949b7
3240114213 (base 5) to base 15
9266dd
52042 (base 13) to base 3
21110222211
-1012100020 (base 3) to base 6
-301053
What is -2222222002010 (base 3) in base 4?
-12011010303
-5411 (base 12) to base 15
-2b04
Convert 333423145 (base 6) to base 9.
12345172
Convert 24bc1c (base 13) to base 12.
367036
Convert 16156543 (base 7) to base 13.
42842b
Convert 18442646 (base 9) to base 12.
31453a3
Convert 2fee01 (base 16) to base 13.
85c969
What is -16952d (base 15) in base 2?
-100001011010000001100
What is -19b03 (base 15) in base 10?
-83478
What is 30388 (base 11) in base 14?
12262
-1211301130 (base 6) to base 7
-225121452
What is 360150 (base 10) in base 3?
200022000220
Convert 6382a6 (base 13) to base 4.
20321031203
-90926 (base 12) to base 7
-1411650
-859c (base 15) to base 11
-1a272
Convert 12030200 (base 4) to base 16.
6320
11422344 (base 6) to base 15
71dc1
What is 1000100110010100001 (base 2) in base 16?
44ca1
342508 (base 10) to base 13
bcb8a
5b1a05 (base 13) to base 7
24324506
Convert -1010011021100110 (base 3) to base 13.
-342212a
-9c4b9 (base 15) to base 10
-497199
What is 1564330 (base 7) in base 4?
311020132
What is 157131 (base 8) in base 9?
86065
Convert -414760 (base 9) to base 14.
-65a86
-91b9d9 (base 15) to base 13
-1585968
Convert -630329 (base 12) to base 14.
-2c6d0d
Convert -51130613 (base 7) to base 14.
-7cc50a
What is 15ca651 (base 13) in base 5?
3301032211
What is 100110011111111011 (base 2) in base 6?
3214015
What is 2510120 (base 7) in base 2?
1001110100100000101
Convert -102021100222002 (base 3) to base 15.
-7d5132
Convert 2b31032 (base 12) to base 4.
201131313212
What is 2018430 (base 11) in base 12?
1241428
Convert 24dcd (base 14) to base 11.
62027
Convert -378172 (base 10) to base 5.
-44100142
What is -1366596 (base 14) in base 15?
-c57820
-100110101111100100 (base 2) to base 14
-41b92
-1570e (base 15) to base 2
-10000110111100001
-11200322 (base 5) to base 13
-36730
-229b77 (base 13) to base 5
-202241223
What is -14c3609 (base 14) in base 10?
-10151241
-210b23 (base 13) to base 8
-2745653
Convert -6603207 (base 9) to base 12.
-122b814
Convert -39a91 (base 15) to base 4.
-231010330
What is 353b95 (base 12) in base 5?
204411212
Convert 131351 (base 10) to base 11.
8a760
Convert -2021202011 (base 3) to base 4.
-22333111
What is -7b133 (base 12) in base 2?
-101000000111110111
Convert 2047df (base 16) to base 11.
1215499
-163303041 (base 7) to base 14
-1693021
Convert 17853526 (base 10) to base 4.
1010012301112
Convert 1533035 (base 6) to base 15.
1ba65
-66745 (base 14) to base 5
-30422033
Convert 1c076 (base 13) to base 9.
83425
What is -24ea0 (base 15) in base 9?
-188836
Convert 11000011000100101101000 (base 2) to base 4.
120120211220
4213310 (base 5) to base 9
115708
What is a77818 (base 11) in base 2?
110100100101110100101
What is -1912 (base 12) in base 11?
-2312
-12604406 (base 7) to base 3
-2011222221112
Convert 1110111100101110001 (base 2) to base 7.
4110052
What is 411154 (base 8) in base 3?
20220021012
1003230220 (base 5) to base 4
13222101321
What is 9d53c (base 15) in base 7?
4153500
Convert 100110001110010011 (base 2) to base 4.
212032103
What is 3b6cd (base 15) in base 4?
232201033
Convert 214b (base 12) to base 14.
1495
What is -33624 (base 10) in base 13?
-123c6
-190055 (base 12) to base 5
-102414041
b36a1 (base 15) to base 2
10001010110010110101
62776 (base 11) to base 6
1543154
Convert -2244302 (base 6) to base 16.
-1c14e
20112311223 (base 4) to base 11
12669a5
-8a8681 (base 11) to base 12
-598b75
Convert 26b94b (base 13) to base 8.
3453267
-1110201210100 (base 3) to base 11
-494638
What is 496308 (base 12) in base 11?
745158
What is -1ece0 (base 15) in base 2?
-11000100110110001
-2adea (base 15) to base 6
-2543321
Convert 1047230 (base 9) to base 10.
562977
What is -3855922 (base 12) in base 3?
-202211000112222
80fae (base 16) to base 6
15153502
-702a1 (base 16) to base 8
-1601241
What is -10236041 (base 8) in base 12?
-890569
-432502021 (base 6) to base 3
-112110201221111
203684 (base 10) to base 11
12a038
What is -1111100010100001 (base 2) in base 9?
-106271
Convert 2594717 (base 14) to base 16.
11447c1
What is 213310313 (base 4) in base 12?
7a49b
Convert -13053564 (base 7) to base 10.
-1189815
What is -b8126 (base 15) in base 13?
-175b57
What is -cc42d9 (base 14) in base 12?
-23a0433
What is 17f67f (base 16) in base 6?
53354303
-17243460 (base 8) to base 12
-1418040
What is -49138 (base 10) in base 12?
-2452a
What is -1110110111111010 (base 2) in base 11?
-41854
221012331 (base 4) to base 6
3335313
-32133370 (base 8) to base 2
-11010001011011011111000
What is -332221320 (base 4) in base 10?
-256632
241471 (base 8) to base 4
110030321
Convert -de89f (base 16) to base 7.
-10514330
7600036 (base 8) to base 13
561976
-441320 (base 8) to base 12
-71900
Convert 1914a (base 16) to base 2.
11001000101001010
-18e31c (base 15) to base 8
-4477647
-110331001000 (base 4) to base 11
-3111905
-1244233 (base 6) to base 3
-10110202110
Convert 1011010001111100 (base 2) to base 10.
46204
Convert -793a8 (base 15) to base 8.
-1361057
What is -4152021 (base 6) in base 8?
-611